Let f = 34 - 6. Suppose -3*y + f = 10. Suppose y + 16 = 2*o. What are the prime factors of o?
11
Let v = 173 - 75. What are the prime factors of v?
2, 7
Suppose -j = 5*v + 180, -3*v + 4*j = -0*v + 85. Let o = -21 - v. What are the prime factors of o?
2, 7
Suppose -166 = -5*n - 31. Suppose -24 = -2*a - 4*t, 3*a - 4*t = -t + n. What are the prime factors of a?
2, 5
Suppose 3*y = -4*b + 5*y + 22, 5*b - 30 = 3*y. Suppose p + 4 = 0, j - 7 - 44 = b*p. Suppose 1 = 5*s - j. List the prime factors of s.
2
Suppose -2*b + 3*x = -63, 2*x - 106 = -4*b + 28. What are the prime factors of b?
3, 11
Suppose 338 - 28 = 5*w. What are the prime factors of w?
2, 31
Suppose -5*n = -3*t - 22, 5*t = -14 - 6. Suppose -n*p + 2*k = -33 - 19, 0 = 4*p + 4*k - 72. What are the prime factors of p?
2, 11
Let n(v) = -v**3 + 10*v**2 - 12*v + 28. Let r be n(9). Let y(w) = w**3 + 3*w**2 + 2*w + 1. Let a be y(-2). What are the prime factors of 5*(r/a)/1?
5
Suppose 4*x = 2*x - 4. Let p = 8 + x. List the prime factors of p.
2, 3
Let b(f) = -f**2 - 20*f + 37. What are the prime factors of b(-18)?
73
Let c(l) be the third derivative of -l**5/60 + l**4/4 + l**3/3 + l**2. Let r be c(4). Suppose -5*s - r = -40. What are the prime factors of s?
2, 3
Suppose 724 = 3*r + r + 4*x, 5*r + 4*x - 910 = 0. What are the prime factors of r?
2, 3, 31
Let f(w) = -35*w**3 + w**2 - 5*w + 20. Let h(q) = 7*q**3 + q - 4. Let z(u) = -2*f(u) - 11*h(u). What are the prime factors of z(-2)?
2, 3
Let p(j) = -4*j**2 + 5*j + 2. Let s(b) = -20*b**2 + 26*b + 10. Let n(x) = -16*p(x) + 3*s(x). What are the prime factors of n(2)?
2, 5
Let r be 3*2/6*-11. Let h = -1 + r. Let k = -3 - h. List the prime factors of k.
3
Suppose 0 = -4*m, 0 = w + 6*m - m - 11. Let h(k) be the first derivative of k**4/4 - 11*k**3/3 + k**2 - 8*k + 2. List the prime factors of h(w).
2, 7
Let m be 8/3 - (-2)/6. List the prime factors of -12 + 33 + -1 + m.
23
Suppose 5*y = -0*y + 475. What are the prime factors of y?
5, 19
Let f be 6*(-3)/((-9)/14). Suppose i + i = -f. Let g = i - -24. What are the prime factors of g?
2, 5
What are the prime factors of (-381 + 2)/(2/6*-3)?
379
Suppose -23 - 22 = -j. What are the prime factors of j?
3, 5
Suppose -34 + 586 = 2*x. Suppose 5*l - x = -11. List the prime factors of l.
53
Suppose 2*z - 108 = 52. Suppose -z - 215 = -5*k. List the prime factors of k.
59
Let a = 3 + 39. List the prime factors of a.
2, 3, 7
What are the prime factors of -231*(29/7 - 5)?
2, 3, 11
Let i be (-1)/(1/(-10)*2). Suppose -2*c - h = -37, 70 = i*c - 5*h - 60. Suppose 19 = 4*q - c. What are the prime factors of q?
2, 5
Let g(v) = -v**3 + 6*v**2 + 9*v - 4. List the prime factors of g(6).
2, 5
Let i = -4 - -2. Let o = i - -4. What are the prime factors of o?
2
Let p be (-6)/(-33) + (-2)/11. Suppose p*l = l - 10. What are the prime factors of l?
2, 5
Let u be 2/(-6) - (-17)/(-3). Let y = 10 + u. Suppose y*r + 64 = 8*r. What are the prime factors of r?
2
Let c = -13 - -18. Suppose -5*i + c = a, 3*a + 0*i = 5*i + 95. What are the prime factors of a?
5
Suppose 1 = q - 5*y + 14, 0 = 4*q + y + 10. Let c = q + 9. List the prime factors of c.
2, 3
Let i be ((-68)/(-3))/((-1)/(-3)). What are the prime factors of 4/(-10) + i/20?
3
Suppose -2*u - 5 - 1 = 0. Suppose 2*w + 15 = -w. Let v = u - w. What are the prime factors of v?
2
Let i(g) = g + 17. Let w = 23 - 32. Let t be i(w). Suppose -t = -3*j + l + 21, 0 = 3*j + l - 31. List the prime factors of j.
2, 5
Let z(h) = -h**2 + 6*h - 6. Let y be z(4). Let a(i) = -i - 8. Let d be a(-6). What are the prime factors of d + 3 + -1 + y?
2
Let u(o) = -o**2 + 17*o + 4. Let t be u(17). Suppose 0 = -t*z + 6 + 14. What are the prime factors of z?
5
Let o(b) = b**2 - 10*b + 7. Let q be o(9). Let x(w) = 4*w**2 + 2*w + 1. List the prime factors of x(q).
13
Suppose -2 = -q - 0*q. Suppose v + q = 4. What are the prime factors of v?
2
Suppose 4*h = 3*m - 115, 24 = -2*m + 3*h + 101. Suppose -5*w - 4*s = -m, w - 2*w + 5*s = 10. What are the prime factors of w?
5
Let u(t) = t**2 + 11*t - 4. Let r be u(-11). Let b(l) = l**2 + 4*l + 3. List the prime factors of b(r).
3
Suppose -2*a - 780 = -5*w, -a - 780 = -5*w + 4*a. What are the prime factors of w?
2, 3, 13
Suppose -4*z + 2*p + 150 = 0, 225 = 6*z - z + 5*p. What are the prime factors of z?
2, 5
Let a(f) = -14*f + 1. Let u(g) = -g - 3. Let i be u(-2). Let o be a(i). Suppose -2*z + o = -z. What are the prime factors of z?
3, 5
Let d(u) = 2*u**2 - 8*u + 8. What are the prime factors of d(6)?
2
Let g(a) = -5*a - 34. List the prime factors of g(-14).
2, 3
Let r = 7 - -67. Let z = r - 51. Let g = z - 9. What are the prime factors of g?
2, 7
Suppose -p + 7 = -106. List the prime factors of p.
113
Let p = 64 - 29. What are the prime factors of p?
5, 7
Let z = 1 - -9. Suppose -z*s = -12*s + 14. What are the prime factors of s?
7
List the prime factors of ((-42)/8)/(21/(-224)).
2, 7
Let n be -4*3/6 + 2. Suppose n = -t + x + 12, 0*x + 2*x - 18 = -4*t. Suppose t = h - 2. List the prime factors of h.
3
Let t(b) be the third derivative of b**2 + 1/24*b**4 + 0 + 0*b + 5/3*b**3. What are the prime factors of t(0)?
2, 5
Let d = 13 - 4. Let b(m) = -m**3 + 0 + 10*m + 1 + d*m**2 + 7. What are the prime factors of b(10)?
2
Suppose -h = 2*m + 35, 4 = -2*m + m - 5*h. Let k = -6 - m. List the prime factors of k.
13
Let v be (-50)/(-15)*(-3)/(-2). Suppose -2*r + 51 = -v. Let w = r + -17. List the prime factors of w.
11
Let z(i) = i**2 + 8*i + 10. Let l be z(-8). Let s = l + -7. Suppose s*c + 2*u + 3*u - 26 = 0, -3*c - 3*u = -18. List the prime factors of c.
2
Let c be -1*(3 + -2 - 6). Suppose j = c*d - 104, 4*j + 15 = -1. What are the prime factors of d?
2, 5
Let w be (-9)/(-6)*(-4)/(-6). List the prime factors of (2 - 25/w)*-1.
23
Suppose 0 = -y - 2*y. Let i = y - -5. List the prime factors of i.
5
Let y(a) = a + 6. Let x = 2 + 3. Let s be y(x). Let c(p) = -p**3 + 10*p**2 + 11*p + 2. What are the prime factors of c(s)?
2
Let y be 0 + (-6)/(-3) + 18. Suppose -y = -2*n - 2*n. Suppose 4*j = -4*x + j + 41, 0 = -n*x + 5*j + 25. List the prime factors of x.
2
Let v = -2 - -4. Let h(d) = d + 0 - d**3 + 4 + 12*d**v - 5*d**2. What are the prime factors of h(7)?
11
Let n = -12 - -32. List the prime factors of n.
2, 5
Suppose 0 = 2*g - 6 + 14. Suppose 0 = a - 5*a + q - 73, 0 = -2*a + 5*q - 41. Let h = g - a. What are the prime factors of h?
2, 7
Let p = -16 - -56. Suppose 3*x + x = p. List the prime factors of x.
2, 5
Suppose -3*f - 20 = -l, l - 5*f - 5 = 9. What are the prime factors of l?
29
List the prime factors of 4 + -6 - 7/(-1).
5
Suppose -5*x - 5 = -10*x. Suppose -10 = -d + x. List the prime factors of d.
11
Suppose -4 - 16 = -5*r. Suppose 8 = -0*c + r*c. List the prime factors of c.
2
Suppose 3*n + 192 = i + 2*i, 0 = i - 4*n - 55. List the prime factors of i.
67
Suppose -513 + 107 = -2*p. List the prime factors of p.
7, 29
Suppose -4*l = -2*r - 6, -l + 2*r = -r + 1. Suppose 3*b + 2*o = 2, -2*b + 4 = -l*o - 14. What are the prime factors of b?
2
Suppose 3*n = -2*n + 135. What are the prime factors of (9/n)/(1/24)?
2
Suppose n + 180 = 6*n. Suppose -4*i + 16 = 0, 2*i = 4*g - 2*i - n. List the prime factors of g.
13
Let m(q) = 4*q**3 - q**2 + q. Let c be m(1). Suppose 3*f + 0*f - 74 = 4*r, -c*f - 2*r + 128 = 0. List the prime factors of f.
2, 3, 5
Let i = 10 - 2. Suppose -2*h = -i, r - h - 1 = h. What are the prime factors of r?
3
Let f = 37 + -25. Suppose 0 = -q + f + 3. Let w = 28 - q. What are the prime factors of w?
13
Let z be (-4)/(16/(-34))*-2. What are the prime factors of -3 + (-3)/(3/z)?
2, 7
Let i = -116 - -218. What are the prime factors of i?
2, 3, 17
Let j be (0 + 1)*(-12)/(-6). Suppose -a - 1 = -x - 5, -j*x + 7 = a. Suppose -5*v + 4*y = -2*v - 18, a*v + y = 30. What are the prime factors of v?
2, 3
Let m = 4 + -2. Suppose -6*x + 2*o + 80 = -3*x, 0 = -m*x + 4*o + 48. Suppose -q + z = -7 - 9, -3*q + x = z. List the prime factors of q.
11
Let y(o) = -o**3 + 6*o**2 - 5*o + 1. Let q be y(5). Suppose 4*f = s - 1 + 5, 2*s = f - q. Let g(z) = z**2 + 3. List the prime factors of g(s).
3
Let z = -8 + 3. Let q(s) = -6*s**3 - s**2 + 13*s - 9. Let m(a) = -5*a**3 + 12*a - 8. Let d(w) = -7*m(w) + 6*q(w). What are the prime factors of d(z)?
7
Let w be ((-5)/(-15))/(2/24). Suppose 4*c + 28 =